 = 2*n**2 - 2*n + 5. Let u be 20/6*12/(-8). Is a(u) prime?
False
Let c(i) = -i**3 - 9*i**2 + 9*i + 9. Let y = -19 - -9. Is c(y) composite?
False
Let y(v) = 5*v + 11. Is y(4) a prime number?
True
Let s(h) = 47*h - 1. Let n(d) = -118*d + 2. Let f(a) = -5*n(a) - 12*s(a). Let x be f(-3). Let c = x - -109. Is c a prime number?
False
Let y = 22 - -51. Let n = -49 + y. Let k = n - 10. Is k prime?
False
Is 9/((-270)/(-22992)) - 6/15 a prime number?
False
Suppose -6 - 12 = 3*h. Is 1386/10 + h/(-15) a prime number?
True
Suppose -8076 = 4*s - 16*s. Is s composite?
False
Suppose -k + 2*w - 504 = 0, 5*k = 2*k - 3*w - 1530. Let q be ((-3)/(-4))/(2/16). Is (-9)/q*k/6 a prime number?
True
Let z(r) = r**2 + 2*r**3 - 2*r**2 - 3*r**3 + 4*r - 3. Is z(-7) composite?
False
Suppose 3*u = -2*h + 1587, 2*u + h + 2105 = 6*u. Is u a composite number?
True
Let j(v) = v**2 + 8*v + 2. Let m be j(-8). Let i = 13 - m. Is i prime?
True
Let h(z) = 19 + 14 + z - 7. Is h(0) a prime number?
False
Let b = -109 - -166. Is b + (-1 - (-6)/2) a prime number?
True
Suppose -66 = -3*j + 18. Suppose n = -n + j. Is n a composite number?
True
Let k(i) = i + 12. Let r be k(-9). Let m = r - 3. Suppose m = z + 4*z - 95. Is z a prime number?
True
Suppose 0 = 3*l - 74 - 10. Suppose 4*s + 3*z = 3*s + l, -3*s + 72 = -3*z. Is s prime?
False
Let z(h) = -2 - 1 - 2*h + 13*h. Let o be z(3). Suppose -q - o = -4*q. Is q a composite number?
True
Let m(d) = d - 1. Let n(w) = 16*w + 12. Let r(v) = -m(v) + n(v). Is r(14) a prime number?
True
Let s(v) = 3*v**2 + 2*v - 1. Let u be s(2). Suppose u + 7 = d. Let l = -1 + d. Is l prime?
False
Let b(z) be the third derivative of z**5/15 + z**4/12 - z**3/6 + 3*z**2. Is b(2) composite?
False
Suppose 0 = 6*i - 3*i - 2016. Let b = i - 223. Is b a prime number?
True
Let r = 2 - 2. Suppose r*k - 10 = 5*k. Is 206 - 3/(k - -1) prime?
False
Suppose 3*h - 6*h - 6 = 0. Is 2/(-4) + (-423)/h composite?
False
Is 23/(-1)*(18 - 19) composite?
False
Let y = 46 + 38. Let l = y + -41. Let v = -30 + l. Is v prime?
True
Let k(v) = 15*v**2 + 9*v - 31. Is k(10) composite?
False
Let t(r) be the second derivative of -4*r**3 + r**2/2 - 3*r. Is t(-4) a composite number?
False
Let g(n) = -n**3 + 14*n**2 + 6*n + 7. Is g(10) composite?
False
Let s = 157 + -156. Let k be -1 + 1 - (-6)/2. Is (k/(-6))/(s/(-118)) a prime number?
True
Let t(m) = 2*m + 58*m**3 - 2*m**2 + 0*m**2 - 1 + m**2. Is t(1) a prime number?
False
Let p(r) = 6*r**2 + r + 1. Suppose -5 + 0 = -5*q. Suppose -4*t - q = 3. Is p(t) a prime number?
False
Let x = -4 + 7. Suppose -x*y - t + 46 = -66, -3*t + 114 = 3*y. Suppose 0 = j - 2*j + y. Is j a composite number?
False
Let i = 56 + 14. Let m = i + 167. Is m composite?
True
Let i be (-1)/((-2)/(-94)*-1). Let l be 4/(-2) + -1*24. Let q = l + i. Is q composite?
True
Let t be ((0 - 0) + -1)*236. Let w = 333 + t. Is w composite?
False
Let t = 266 - 148. Is t prime?
False
Let v(k) be the second derivative of 2*k + 1/20*k**5 + 1/2*k**4 + 0 + 5/6*k**3 - 1/2*k**2. Is v(-4) a composite number?
False
Let u(g) = 208*g**2 + 6*g - 1. Is u(3) composite?
False
Suppose h + 1 = -q, 2*h + 3*q - 6 = -q. Let w(d) = d**2 + 3*d. Is w(h) a prime number?
False
Let t(z) = -62*z + 3. Let v be t(-3). Let y = v - 134. Is y prime?
False
Suppose -5*t + 2*d + 2096 = -2579, -3*d = -3*t + 2814. Is t composite?
True
Let s(o) = -o**3 + 10*o**2 - o + 1. Let l(y) = -y**2 - y - 1. Let a(j) = 2*l(j) + s(j). Is a(6) composite?
False
Let h be ((-18)/15)/(6/20). Is ((-23)/(-2))/(h/(-8)) a composite number?
False
Suppose -12 = 13*p - 15*p. Is (15/p + -3)*-586 a composite number?
False
Is 34 - (0 - -1) - 2 prime?
True
Let m = 7 + 31. Let i = m - 1. Let w = -12 + i. Is w a composite number?
True
Let o(b) = b**3 - 2*b**2 - 2*b - 3. Let s be o(3). Suppose s = -3*q - 2*k + 259, 2*k - 8 = 4*k. Is q a composite number?
False
Let q(j) = -j**3 + 7*j**2 - 2*j - 4. Suppose 5*d - 15 = -0. Is q(d) prime?
False
Suppose 3*k = -k + 20. Let n = k + 3. Suppose 444 = -4*i + n*i. Is i prime?
False
Suppose 0 = 50*k - 53*k. Suppose 0*n + 5*j = 5*n - 30, 4*j + 28 = 5*n. Suppose -4*x - u + 487 = k, 2*x - 230 = -0*x + n*u. Is x a composite number?
True
Is (-2 + 1280/12)/((-1)/(-3)) a prime number?
False
Suppose 2*j - 2*z = 992, -3*j - z = 2*z - 1458. Is j a composite number?
False
Suppose -5*w - 60 = -2*w. Let r = 46 + w. Is r composite?
True
Suppose 3*h - 960 = h - 4*l, 0 = -3*h + l + 1447. Is h prime?
False
Let c(o) = 408*o + 1. Let j be c(1). Let t = 639 - j. Suppose -4*n = -t - 46. Is n a composite number?
True
Suppose a + 3*f - 17 = 0, -3*f - 2*f - 56 = -2*a. Is a composite?
False
Let m(g) = g**3 - 5*g**2 + 6*g - 2. Let v = 2 - 2. Suppose v = 2*b + 5*c - 18 - 0, b + 5*c - 14 = 0. Is m(b) prime?
False
Suppose 2*b + 3*b = -20, 0 = -2*k - 3*b + 8086. Is k composite?
False
Let w be (33 + 2)*(-4)/(-10). Let o be (-4)/w + (-9)/(-7). Let i = o - -20. Is i composite?
True
Suppose 2*r - 26 = -0*r. Let m = r + -7. Is (4/(-6))/(m/(-603)) composite?
False
Let n(l) = 640*l**2 - 4*l - 11. Is n(-2) composite?
False
Suppose 0 = 2*v - 317 + 27. Is v a composite number?
True
Is (3 + -2)/4 + (-6615)/(-20) composite?
False
Let w(j) = 10*j - 3. Let u be w(4). Let k = 70 - u. Is k prime?
False
Suppose -z - z = -6. Let s = 0 + z. Suppose -2*n - 2*n - s*u = -38, 5*u + 32 = 2*n. Is n a composite number?
False
Let r(u) = -u**3 + 4*u**2 - 2. Let y be r(5). Let z = 96 + y. Is z a prime number?
False
Let r(q) = q + 9. Let a be r(-7). Suppose -3*o = 3*i - 57, 3*i - 4*o = -a*o + 32. Is i a composite number?
True
Let v(t) = -5*t**2 - 16*t**3 + 6 - 2*t**3 + t - 7 + 3*t**2. Is v(-2) composite?
True
Is 4/22 - (-52577)/77 composite?
False
Let s(k) be the second derivative of k**4/12 - k**3/2 + 15*k**2/2 - 6*k. Is s(8) a composite number?
True
Let n be ((-8)/10)/((-2)/5). Let s(j) = n*j + 3 + 0*j - 4. Is s(10) prime?
True
Suppose 3*p = -6, 3 = i - 4*p - 10. Suppose n = -i*s + 178, -4*n - s + 696 = 60. Suppose q = -q + n. Is q prime?
True
Suppose 2*j + 0*j = 22. Suppose 5*d + 6 = 4*b, 2*d - b + 12 = 6*d. Suppose d*m - 3*m = -j. Is m a prime number?
True
Suppose 5*u = 13 + 17. Is (1 + -3)/u*-153 composite?
True
Suppose 0*u - 66 = -3*u. Is u*(-21)/(-6) - 0 prime?
False
Is 642 + ((-2)/2 - 0) prime?
True
Let t = 156 - 85. Suppose 2*w + t - 582 = -5*v, -v + 97 = 3*w. Is v composite?
False
Suppose -4*g - 12 = 2*f, 4*f = 4*g + f - 8. Is g/2*(-31 + 1) composite?
True
Let o(s) = -s**3 - s**2 + s - 17. Let r be o(0). Is (1 - r) + (-3)/(-3) composite?
False
Let k = 34 - -12. Is k prime?
False
Is 181/2 + 6/12 prime?
False
Let b(z) = -11*z**3 + 2*z**2 - 1. Let u(w) = -10*w**3 + 2*w**2 - w - 2. Let v(f) = 3*b(f) - 2*u(f). Is v(-1) composite?
True
Suppose -2*n = -5*m + 25, 5*m + 13 - 38 = -3*n. Suppose n = -3*l + 4*l - 96. Let a = l - -49. Is a a prime number?
False
Let v = -15 + 8. Is (-4 - v) + -1 + 77 a composite number?
False
Suppose -4*v - t = -6*t - 122, 0 = -4*v + 2*t + 128. Is v a composite number?
True
Let g(r) = 82*r**2 - 2*r - 1. Let t = 11 + -12. Is g(t) composite?
False
Let n = -8 - -4. Is 1*2/n*-254 a composite number?
False
Let a = 21 - 15. Let r(o) = -o**2 + 6*o - 3. Let f be r(a). Is 1/f + (-228)/(-9) prime?
False
Let q = 20 + -17. Let d(n) = 55*n - 4. Let w be d(6). Suppose q*k = w + 31. Is k a composite number?
True
Suppose -3*k + 10*k = 1771. Is k prime?
False
Suppose -2*k - 3*f = 119, -f + 162 = -3*k - 0*f. Let p = k - -90. Is p prime?
False
Let w = 95 + 45. Suppose k + w = 3*k. Let d = k - 3. Is d a composite number?
False
Suppose -27747 = h - 10*h. Is h prime?
True
Let r be 3/(-12) + 141/(-12). Let j be (r/16)/(1/20). Let l = 22 - j. Is l a prime number?
True
Suppose 2*j = -2*j. Suppose j = -3*s + 72 - 9. Let f = s + -8. Is f a prime number?
True
Let s(q) be the third derivative of -7*q**6/120 - q**5/20 + q**4/8 + q**3/3 + 3*q**2. Is s(-3) prime?
False
Suppose 5*i - 4 = 16. Suppose s + i*d - 14 = 0, -s + 42 = 3*s + 2*d. Is s composite?
True
Let o = -379 - 306. Is -4*(o/4 - -1) a prime number?
False
Let n(q) = 2*q**2 - 3*q + 3. Let k be n(2). Suppose 5*v - 22 = -f, -3*f + k*v = -f + 16. Suppose -y = f*y - 63. Is y a composite number?
True
Suppose 5*b - 7*b = 0. Suppose b*t + 5*t - 335 = 0. Is t prime?
True
Let p(g) be the second derivative of 3*g**5/20 - g**4/6 - 2*g**3/3